he highest common divisor of s and f.
13
Let u be ((-11)/3)/(75/(-6525)). What is the greatest common factor of u and 29?
29
Let s be (-2)/5 + 36/15. Suppose 250 + s = 2*p. Suppose -351*h = -264*h - 1566. Calculate the highest common divisor of p and h.
18
Let y(z) = z**2 - 25*z + 3. Let j be y(25). Let s = 1 - -2. Suppose 0 = 3*v + g + s*g - 12, -j*g - 25 = -2*v. What is the greatest common factor of v and 16?
8
Let a(o) = 2*o**2 - 28*o - 292. Let j be a(-8). Suppose 3*b + 20 = -16. Let m be -7*(b/7 - 0). Calculate the highest common factor of m and j.
12
Let o = -65 + 160. Calculate the greatest common divisor of 209 and o.
19
Suppose -3*y = -9 - 6. Let n be -5 - 12/(-4) - -2. Suppose n = -2*o + y*o - 27. What is the highest common factor of o and 27?
9
Suppose 0 = 4*r - 8*r + 3*s + 324, -5*r - s + 405 = 0. Suppose -2*f + 0*f + 8 = 5*m, -m - 11 = -f. Let h = f + 0. What is the highest common factor of h and r?
9
Let n = -328 + 355. What is the greatest common factor of 45 and n?
9
Let u(a) = a**2 + a + 3. Suppose 5 - 2 = -w. Let x be u(w). Suppose -38*s - 400 = -1931 - 1205. Calculate the greatest common factor of x and s.
9
Suppose 3*j - 21 = h + 2*h, 1 = 5*h + 4*j. Let f = 7 - h. Calculate the greatest common divisor of f and 20.
10
Let b(i) = -i**2 + 20*i + 8. Suppose 5*g + 5 + 30 = 3*y, 0 = -3*y + 2*g + 50. Let h be b(y). Calculate the greatest common divisor of h and 1.
1
Suppose -190 = -32*a + 130. Calculate the greatest common divisor of 88 and a.
2
Let d = 32 - 24. Suppose -d = 5*t - 33. Suppose 4*a - 50 = -y, -t*a + 3*y + 62 = -9. What is the greatest common divisor of a and 13?
13
Let k(y) = y**3 - 10*y**2 - 23*y - 6. Let q be k(12). Let d = q - -34. Calculate the highest common factor of d and 8.
8
Let n be (-2)/(12/15)*-16. What is the greatest common divisor of n and 15?
5
Let d = 82 - 24. Suppose 2 = 6*g - d. Suppose 0*t - 5*t + 250 = 0. Calculate the greatest common factor of t and g.
10
Suppose 253 = 30*b - 1277. Calculate the greatest common factor of 323 and b.
17
Let d = -84 - -162. What is the highest common divisor of d and 30?
6
Let x be (-428)/(-16) + 3/(-4). Suppose -z + 0*z = -x. Let q(j) = 3*j**2 - 2*j + 8. Let m be q(6). Calculate the highest common divisor of z and m.
26
Suppose -2*a + 5*s - 15 = 0, 5*a - a = 4*s. Suppose 3*o - a*l - 180 = 0, 0 = -3*o - 5*l + 39 + 141. What is the highest common divisor of 45 and o?
15
Let h = -6 + 15. Let s be (0 - -1)/(h/945). Let x(j) = j**2 + 17*j + 51. Let b be x(-15). Calculate the greatest common divisor of b and s.
21
Let h(i) = 1. Let d(q) = 17*q - 17. Let x(k) = -d(k) - h(k). Let j be x(-2). What is the highest common factor of j and 25?
25
Suppose 52 - 352 = -6*y. Suppose -5*q + 73 = -i - 29, -3*q + 52 = 4*i. Calculate the highest common factor of q and y.
10
Let t(c) = 40*c**2 + 13*c - 12. Let j be t(-8). What is the highest common factor of 52 and j?
52
Let n be 1/(-3) - (-20944)/102. Calculate the greatest common factor of n and 10.
5
Suppose -4*v + 0*b + 116 = -5*b, 3*v - 110 = -2*b. Calculate the highest common divisor of 51 and v.
17
Let k(l) = 12 - 4 - 9 - l**2 + 5*l. Let u be k(2). Let x = 7 - u. Calculate the highest common factor of 16 and x.
2
Let y = -22 - -48. Suppose 3*h - y = -r, 2*h - 4*r - 7 - 1 = 0. Calculate the highest common divisor of h and 1.
1
Suppose -3*c + 88 = -2*h, 0 = h - 7 + 6. What is the greatest common factor of c and 1335?
15
Suppose 472 = 4*f - 4*o, 5*o - 145 = -f - 15. What is the greatest common divisor of 32 and f?
8
Let k = 1421 - 174. What is the highest common divisor of k and 43?
43
Suppose 4*f - 235 = -3*c, 0 = 4*c + f - 307 - 28. Calculate the highest common factor of c and 136.
17
Let c be 6/4*8*5. Suppose 0 = 3028*z - 3031*z + 45. What is the highest common factor of z and c?
15
Let p(g) = 2*g**3 - 13*g**2 - 17*g - 1. Let r(x) = x**3 - x - 1. Let b(v) = -p(v) + r(v). Let h be b(14). Calculate the greatest common factor of 14 and h.
14
Let y(h) = 111*h**2 + 2*h + 1. Suppose 1 = 5*l + 11. Let a be (-4 - (-1 + l))*1. Let j be y(a). Calculate the greatest common divisor of j and 11.
11
Suppose -224 = -3*t - 122. What is the highest common divisor of 2482 and t?
34
Let a = 456 - 447. What is the highest common divisor of a and 1485?
9
Let h(p) = 5*p**2 + 8*p + 8. Let z be h(-4). Calculate the highest common factor of 56 and z.
56
Let h(x) = -8*x + 48. Let j(o) = o**3 - 7*o**2 + 6*o - 15. Let p be j(6). Let s be h(p). What is the greatest common factor of s and 21?
21
Suppose -23*a + 492 = 18*a. What is the highest common factor of a and 234?
6
Let l be 48/14 - (-24)/42. Suppose -53 = -l*u - s, -3*u + 65 = 2*u + s. What is the highest common divisor of 84 and u?
12
Suppose 8*j = 10*j + 30. Let y be (6*j/(-25))/(2/10). Calculate the highest common factor of y and 198.
18
Let v(s) = s + 10. Let a be 5*(-1 + 0 + 0). Let f be v(a). Suppose -f*w + 8*w - 30 = 0. Calculate the highest common factor of w and 1.
1
Let v(q) = 2*q**3 - 4*q - 4*q**3 + 4 - 6*q**2 + 6*q**3 - 3*q**3. Let g be v(8). What is the highest common factor of 20 and g?
20
Let c(j) = -j**3 + 14*j**2 - 38*j + 10. Let z be c(4). Calculate the greatest common divisor of z and 96.
6
Suppose 4*r - 205 - 435 = 0. Calculate the highest common divisor of r and 96.
32
Let w be 102/4*(1 + 1). Let d(h) be the second derivative of h**3/6 + 19*h**2/2 - 8*h. Let g be d(15). What is the greatest common divisor of g and w?
17
Suppose -17*o + 1049 = 5*x - 15*o, 5*o + 408 = 2*x. Let v = 58 - 39. What is the highest common divisor of v and x?
19
Let r = 1535 - 509. What is the greatest common divisor of r and 19?
19
Suppose -t + 4*b + 194 = 0, 4*t - 593 - 118 = 3*b. Calculate the highest common factor of 406 and t.
58
Let t be ((-1)/((-5)/(-4)))/(12/(-1800)). Let k = -8 - -23. What is the greatest common divisor of t and k?
15
Let d(j) = 73*j - 7. Let o be d(2). Suppose -k = -169 + o. What is the highest common factor of k and 20?
10
Let q(d) = -d - 13. Let w be q(-8). Let m be (-9)/(w + 3 + 1). What is the greatest common divisor of m and 45?
9
Let r = -29 - -73. Let f(i) be the second derivative of 13*i**3/3 + 3*i**2 + 3*i. Let t be f(4). Calculate the greatest common divisor of t and r.
22
Let z = -2 + 2. Suppose 3*j + 4*w - 244 = z, -5*w = -2*j - 0*w + 178. Let u be ((-2760)/(-9))/23 - (-4)/(-3). Calculate the greatest common divisor of j and u.
12
Let y(z) = 6*z + 39. Let o be y(-6). Suppose o*h + 115 = 8*h. Calculate the greatest common factor of h and 161.
23
Let i(y) = y + 2. Let z be i(4). Suppose -4*p = -5*r - 18, 35*r = 4*p + 39*r. What is the highest common divisor of p and z?
2
Let u be (-2*3)/(6/(-4)). Suppose u*j = 3*c - 32 - 14, -2*c - 2*j = -12. Suppose -l - 2*s = -4, c = -4*s + 2. What is the highest common factor of l and 8?
8
Suppose 8*y - 4*y = 108. Suppose 12*f = 3*f + y. Let q be (38/(-6))/((-1)/f). Calculate the greatest common divisor of q and 19.
19
Let k = 12 + -8. Let i(n) = 11*n + k + 4 - 3*n**2 + n**2 + 3*n**2. Let a be i(-11). What is the highest common divisor of a and 32?
8
Let z(u) = -u**3 - u**2 + 4*u + 27. Let p be z(-6). What is the highest common divisor of p and 122?
61
Let s = -75 + 130. Let t(c) = -c**2 - 16*c + 28. Let q be t(-17). What is the greatest common divisor of q and s?
11
Suppose 45 = -0*s + 3*s. Let q be (-19 + (0 - -1))/((-21)/(-224)). Let k = q + 312. Calculate the greatest common divisor of k and s.
15
Let u(o) = -o**2 + 5*o + 7. Let t be u(5). Let i(x) = -2*x - 5 - 3 + 4*x. Let a be i(t). Calculate the greatest common divisor of 2 and a.
2
Suppose -26*p + 24*p + 36 = 0. Let w(y) = 5*y**2 + 8*y - 6. Let s be w(-6). What is the highest common factor of s and p?
18
Suppose 4*h = 2*a + 76, 4*h - 2*a = -6*a + 100. Suppose 2*m - 466 = -4*n, m - 690 = -2*m + 3*n. What is the greatest common divisor of m and h?
21
Suppose 11*c = 7*c + 20. What is the greatest common divisor of c and 145?
5
Suppose 6 = z + 2*g, -z + 3*g - g = -10. Suppose 42 = -5*p + z*p. Calculate the greatest common divisor of 70 and p.
14
Let p(m) = 7*m**3 - 3*m**2 + 7*m - 1. Let h be p(4). Calculate the greatest common factor of h and 7.
7
Suppose 383 = 4*g + 9*j, g = 3*j - 20 + 121. What is the greatest common divisor of 56 and g?
14
Let y = 437 + -360. Calculate th